te the highest common factor of 27 and m.
27
Suppose x = 6*x - 20. Calculate the highest common factor of 8 and x.
4
Let l(x) = 2*x**3 - 3*x**2 - 4*x + 1. Let f be l(4). What is the highest common factor of 13 and f?
13
Suppose 2*a - 4*q - 20 = a, 0 = 2*a + q - 49. Calculate the greatest common factor of a and 24.
24
Suppose 3*i + 0*i + 2*t = 11, -2*t + 3 = -5*i. What is the highest common factor of 4 and i?
1
Let u be 4/((5/4)/5). Let d = u - -12. What is the greatest common factor of d and 7?
7
Let f = 0 + 3. Suppose f*u + 0 = 21. Suppose x - u = -2. What is the highest common divisor of x and 20?
5
Suppose a + 1 - 16 = 0. What is the greatest common divisor of a and 180?
15
Let m(x) = 9*x - 2. Let q be m(3). Suppose -2*r - 4 = -16. Suppose 4 = c - r. What is the highest common divisor of q and c?
5
Let u(b) = b**2 - 6*b + 7. Let g be u(6). Suppose -g + 3 = -4*y. Let q be (2 + 11/y)*1. Calculate the greatest common factor of 52 and q.
13
Let j = 7 - 0. What is the highest common factor of 28 and j?
7
Let z be -1*(0 - -1)*-1. Let a be ((-12)/5)/(z/(-40)). Let o = -9 - -21. Calculate the greatest common factor of a and o.
12
Let v = -2 - -11. Let m be ((-58)/2)/((-2)/2). Suppose -d + 2*z = -z - v, 0 = 5*d + z - m. What is the greatest common divisor of 30 and d?
6
Suppose 882 = -0*k + 7*k. What is the greatest common factor of 14 and k?
14
Let a(r) = -r**3 + 5*r**2 - 4*r + 13. Let o be a(4). Calculate the greatest common divisor of o and 39.
13
Suppose -5*r + 29 + 7 = 3*s, 3*r - 22 = -2*s. Let p be (-51)/(-4) + r/(-8). Calculate the greatest common factor of p and 12.
12
Suppose -p + 33 + 12 = 0. Calculate the highest common factor of 30 and p.
15
Suppose 0 = m - 3 + 1. Suppose m*r = 3*p, 6*p - p = 5*r - 5. Suppose -n = 5*q - 33, -3*n + 93 = 5*q - 6. What is the greatest common factor of n and r?
3
Suppose 2*k = -5*u + 75, -k + 83 - 8 = 5*u. What is the highest common factor of 30 and u?
15
Let m = -19 - -19. Suppose m = -c - 2 + 11. Calculate the highest common factor of c and 99.
9
Suppose 4 = 7*s - 5*s. What is the highest common factor of 16 and s?
2
Let v(n) = -n**3 + 6*n**2 + 11. Let d be v(5). What is the highest common divisor of d and 24?
12
Suppose 4*w + 0*w - 32 = 0. Let x = w + -5. Suppose -24 = j - x*j. Calculate the highest common divisor of 6 and j.
6
Let c(m) = -2*m + 0*m - 5 - 4. Let d be c(-6). Let b(i) = 3*i - 1. Let w be b(d). Calculate the highest common divisor of w and 8.
8
Let v be 1 - (-2 + 0 - 3). Calculate the highest common factor of 42 and v.
6
Let c = -6 + 12. Let q be (-15)/12*-2*2. Let h be c*q/((-5)/(-2)). What is the highest common divisor of 8 and h?
4
Let u be 15 + (3 - 4)*3. Calculate the highest common factor of u and 6.
6
Let b = -2 - -4. Suppose b*k = 5*n + 118, -2*n - 220 = -4*k - 0*k. Suppose 0 = -y - 16 + 52. What is the greatest common factor of k and y?
18
Suppose -50 = -6*o + o. Let a(y) = 3*y - 6. Let n be a(6). Suppose 2*q - n = -k, 5*k + 1 = 2*q + 13. Calculate the highest common factor of o and k.
2
Let i(s) = 2*s**3 - 3*s**2 + 3*s - 6. Let v be i(3). Calculate the greatest common divisor of 60 and v.
30
Suppose 0 = -3*d + 2*d + 64. Let k = 36 - 28. What is the highest common divisor of k and d?
8
Suppose -5*b = h - 35 - 11, -4*h = -3*b - 92. Calculate the highest common factor of 208 and h.
26
Let h(b) = -b**3 - 19*b**2 + 19*b + 20. Let s be h(-20). What is the highest common divisor of 10 and s?
10
Let y be 20/((-6)/(-9)*24/16). What is the highest common divisor of y and 40?
20
Suppose 3*r - 37 = 23. What is the greatest common divisor of r and 180?
20
Let b = 36 - 6. Suppose 4*w + w = 45. Suppose 4*h - 11 = w. What is the greatest common divisor of h and b?
5
Let w(k) = -5*k + 3. Let i be w(2). Let q be i + 4 - 1*-15. Calculate the greatest common factor of q and 8.
4
Let v(w) = 6*w**2 + w - 1. Let c(k) = -k**2 + 12*k - 10. Let p be c(11). Let u be v(p). What is the highest common divisor of u and 3?
3
Let i(r) = 29*r**2 + 2*r - 9. Let x be i(5). Suppose 0*o - x = -3*o. Calculate the highest common divisor of 22 and o.
22
Suppose 2*x = -4*b - 3*x + 84, 0 = -x. Let t be (b/(-7))/(1/(-6)). Calculate the highest common divisor of 126 and t.
18
Let i = 22 + -14. Calculate the highest common divisor of 8 and i.
8
Let h = -13 - -19. Suppose -469 + 37 = -8*l. Calculate the greatest common factor of h and l.
6
Suppose 98 + 334 = p. Suppose -5*c = -2*c - p. Let m(w) = -16*w**3 + w**2 + 2*w + 1. Let n be m(-1). What is the highest common divisor of n and c?
16
Let f = 74 - 20. Calculate the greatest common divisor of 18 and f.
18
Let g(l) = l**3 + 38. Let o be g(0). What is the greatest common factor of o and 95?
19
Let n(m) = 13*m + 17. Let j(z) = -6*z - 8. Let b(g) = 7*j(g) + 3*n(g). Let h be b(-6). Suppose 438 + 1044 = 19*i. What is the highest common factor of h and i?
13
Suppose 0 = -4*k + 8*k - 648. What is the highest common divisor of k and 18?
18
Let p = 67 + -55. What is the greatest common factor of 30 and p?
6
Let h be (-6)/21 + ((-928)/(-14) - 3). Calculate the highest common divisor of h and 9.
9
Let q be 518/8 - 4/(-16). Let x = -32 + q. What is the greatest common factor of 11 and x?
11
Let l = 26 + -15. Suppose -4*j + 89 = -131. Calculate the highest common divisor of l and j.
11
Suppose 3*m = 4*b + 218, 4*m + 2*b = -m + 346. Calculate the highest common divisor of 10 and m.
10
Let n be 66*(-2)/12*-4. Let j = n + -68. Let z be j/(-2) + (-10)/(-5). Calculate the highest common divisor of 70 and z.
14
Let l(d) = -11*d**3 - d**2. Let i be l(-2). What is the highest common divisor of i and 12?
12
Let v = 19 + -11. Suppose 0 = -v*j + 3*j + 30. Calculate the greatest common divisor of 6 and j.
6
Suppose 2*o - 9 = -m, -8 = -2*m + m - 3*o. Let g = -8 + m. Suppose -g*h + 207 = 15. What is the highest common factor of 8 and h?
8
Suppose j + 4*a = 5*j - 76, -37 = -3*j - a. Let q(w) = -2*w**3 - 10*w**2 - 7*w - 2. Let n be q(-6). What is the greatest common divisor of j and n?
14
Let g(o) = o**3 - o + 1. Let t be g(0). Let d(y) = 6*y. Let n be d(t). What is the greatest common factor of n and 30?
6
Suppose -221 = -2*i - 5*y - 92, -4*i - y = -285. Calculate the highest common factor of 16 and i.
8
Let m be -1 + 40 + 2/(-2). Let b = m - 21. Let g be (-2)/(-5) + (-253)/(-5). Calculate the highest common factor of b and g.
17
Let s = 5 - 1. Suppose 2*g = -4*k - 2, -2*k + s*g = -0*k - 24. Calculate the highest common factor of 2 and k.
2
Let k(v) = 2*v + 5. Let r be k(5). What is the highest common factor of r and 60?
15
Let g be 3/9*1/((-2)/(-18)). Calculate the greatest common factor of 3 and g.
3
Suppose 4*w = 393 + 935. Let r = -237 + w. What is the highest common divisor of 38 and r?
19
Let c(a) = a**2 - 8*a + 2. Let l be c(7). Let i be (l/(-10))/(1/26). Calculate the highest common divisor of i and 65.
13
Let u = 150 + -12. Let l be (-2)/2 + u/3. Let j = 6 - 1. Calculate the highest common factor of j and l.
5
Suppose -23*f + 240 = -21*f. What is the greatest common divisor of 45 and f?
15
Suppose 3*p + p = 88. Let k(w) = -w**2 + 5*w + 8. Let a be k(6). What is the highest common factor of p and a?
2
Let t(m) = 4*m - 1 - 93*m + 14*m. Let k be t(2). Let v = -88 - k. Calculate the highest common factor of v and 7.
7
Let t(g) = 18*g**3 - g. Let o be t(1). Calculate the highest common factor of o and 136.
17
Suppose -25 = -5*j - 2*i, j - 5*i - 11 = 3*j. Calculate the greatest common factor of 112 and j.
7
Let x(z) = -19*z. Let s be x(-2). Suppose -3*t = t. Let w be 38/(4/6 - t). What is the highest common factor of w and s?
19
Let d = -30 - -74. What is the highest common divisor of 22 and d?
22
Suppose 709 = 4*u + 169. What is the highest common factor of 15 and u?
15
Suppose 0 = -3*f + 3*b + 21, -2*f + 4*b + 16 = -4*f. Suppose f*o + 2*o = -5*h + 382, -5*o - 5*h + 480 = 0. Calculate the greatest common divisor of o and 14.
14
Let m = -7 - -15. Let f = -12 + 12. Suppose 2*c - 38 = -4*j + 42, f = 4*j + 16. Calculate the greatest common factor of m and c.
8
Let z(d) = -d**2 - 11*d - 8. Let a be z(-8). Let n be (-212)/(-3) - a/24. Suppose -v + 5 = -5. What is the highest common factor of v and n?
10
Let n(u) = -10*u - 5. Let o be n(-6). Suppose -2*a = a - 102. Suppose -2*c + 10 = -a. What is the h